
4
What is the tens digit of 420?
2
What is the tens digit of 1893?
9
What is the tens digit of 1398?
9
What is the thousands digit of 1967?
1
What is the units digit of 8376?
6
What is the hundreds digit of 2195?
1
What is the thousands digit of 1399?
1
What is the tens digit of 531?
3
What is the ten thousands digit of 19541?
1
What is the thousands digit of 71631?
1
What is the units digit of 58054?
4
What is the tens digit of 2095?
9
What is the tens digit of 5947?
4
What is the hundreds digit of 94920?
9
What is the units digit of 22842?
2
What is the tens digit of 843?
4
What is the units digit of 28930?
0
What is the hundreds digit of 6773?
7
What is the thousands digit of 4103?
4
What is the units digit of 1538?
8
What is the tens digit of 10837?
3
What is the hundreds digit of 10021?
0
What is the tens digit of 1693?
9
What is the ten thousands digit of 24706?
2
What is the ten thousands digit of 159818?
5
What is the thousands digit of 1093?
1
What is the hundreds digit of 1564?
5
What is the hundreds digit of 2121?
1
What is the hundreds digit of 8907?
9
What is the units digit of 872?
2
What is the units digit of 6909?
9
What is the tens digit of 16080?
8
What is the thousands digit of 124585?
4
What is the units digit of 670?
0
What is the hundreds digit of 16448?
4
What is the thousands digit of 3666?
3
What is the thousands digit of 14624?
4
What is the units digit of 990?
0
What is the units digit of 4395?
5
What is the ten thousands digit of 15635?
1
What is the thousands digit of 1363?
1
What is the units digit of 9094?
4
What is the tens digit of 2064?
6
What is the units digit of 1718?
8
What is the thousands digit of 4327?
4
What is the units digit of 27153?
3
What is the units digit of 10809?
9
What is the tens digit of 2046?
4
What is the hundreds digit of 8756?
7
What is the thousands digit of 1188?
1
What is the ten thousands digit of 16973?
1
What is the thousands digit of 2653?
2
What is the ten thousands digit of 30365?
3
What is the hundreds digit of 5505?
5
What is the tens digit of 3047?
4
What is the tens digit of 73?
7
What is the hundreds digit of 167257?
2
What is the ten thousands digit of 15097?
1
What is the units digit of 63897?
7
What is the thousands digit of 1769?
1
What is the hundreds digit of 9572?
5
What is the units digit of 14148?
8
What is the tens digit of 335?
3
What is the thousands digit of 1706?
1
What is the thousands digit of 1346?
1
What is the hundreds digit of 7301?
3
What is the hundreds digit of 524?
5
What is the units digit of 3166?
6
What is the tens digit of 63539?
3
What is the tens digit of 5878?
7
What is the hundreds digit of 4937?
9
What is the thousands digit of 1765?
1
What is the tens digit of 1565?
6
What is the thousands digit of 2081?
2
What is the thousands digit of 21948?
1
What is the units digit of 2359?
9
What is the hundreds digit of 33350?
3
What is the thousands digit of 3645?
3
What is the hundreds digit of 5270?
2
What is the hundreds digit of 2076?
0
What is the units digit of 5561?
1
What is the hundreds digit of 6455?
4
What is the tens digit of 27080?
8
What is the tens digit of 729?
2
What is the tens digit of 1458?
5
What is the hundreds digit of 31645?
6
What is the thousands digit of 12407?
2
What is the tens digit of 5853?
5
What is the hundreds digit of 181?
1
What is the thousands digit of 8402?
8
What is the tens digit of 108?
0
What is the hundreds digit of 2344?
3
What is the tens digit of 36340?
4
What is the thousands digit of 33564?
3
What is the hundreds digit of 1832?
8
What is the thousands digit of 21297?
1
What is the hundreds digit of 52481?
4
What is the thousands digit of 26536?
6
What is the units digit of 8498?
8
What is the thousands digit of 1545?
1
What is the thousands digit of 2282?
2
What is the thousands digit of 4623?
4
What is the thousands digit of 1329?
1
What is the ten thousands digit of 30138?
3
What is the thousands digit of 2011?
2
What is the units digit of 1265?
5
What is the thousands digit of 1968?
1
What is the thousands digit of 1774?
1
What is the hundreds digit of 1234?
2
What is the hundreds digit of 6911?
9
What is the units digit of 6836?
6
What is the thousands digit of 18000?
8
What is the thousands digit of 4828?
4
What is the tens digit of 90735?
3
What is the units digit of 36554?
4
What is the units digit of 8167?
7
What is the hundreds digit of 4073?
0
What is the units digit of 29158?
8
What is the units digit of 225?
5
What is the thousands digit of 5795?
5
What is the hundreds digit of 58334?
3
What is the thousands digit of 5745?
5
What is the units digit of 661?
1
What is the tens digit of 1674?
7
What is the hundreds digit of 255?
2
What is the thousands digit of 3733?
3
What is the thousands digit of 7990?
7
What is the units digit of 516?
6
What is the tens digit of 32?
3
What is the hundreds digit of 1804?
8
What is the thousands digit of 2477?
2
What is the tens digit of 11073?
7
What is the tens digit of 8216?
1
What is the units digit of 2454?
4
What is the hundreds digit of 6128?
1
What is the units digit of 5102?
2
What is the units digit of 1941?
1
What is the hundreds digit of 716?
7
What is the tens digit of 2969?
6
What is the units digit of 11685?
5
What is the tens digit of 1214?
1
What is the tens digit of 152?
5
What is the ten thousands digit of 14733?
1
What is the tens digit of 117584?
8
What is the units digit of 2529?
9
What is the thousands digit of 53002?
3
What is the ten thousands digit of 15818?
1
What is the units digit of 4527?
7
What is the thousands digit of 24574?
4
What is the units digit of 31730?
0
What is the units digit of 7135?
5
What is the hundreds digit of 3516?
5
What is the tens digit of 79352?
5
What is the units digit of 1978?
8
What is the tens digit of 379?
7
What is the tens digit of 9170?
7
What is the units digit of 969?
9
What is the ten thousands digit of 117437?
1
What is the units digit of 33967?
7
What is the hundreds digit of 3198?
1
What is the tens digit of 1279?
7
What is the units digit of 52699?
9
What is the hundreds digit of 1812?
8
What is the units digit of 17514?
4
What is the hundreds digit of 2414?
4
What is the thousands digit of 9971?
9
What is the hundreds digit of 1006?
0
What is the thousands digit of 3701?
3
What is the hundreds digit of 3162?
1
What is the units digit of 6548?
8
What is the ten thousands digit of 29580?
2
What is the units digit of 6009?
9
What is the tens digit of 34806?
0
What is the tens digit of 942?
4
What is the tens digit of 31893?
9
What is the tens digit of 126?
2
What is the thousands digit of 6286?
6
What is the hundreds digit of 1120?
1
What is the hundreds digit of 1980?
9
What is the tens digit of 976?
7
What is the ten thousands digit of 53866?
5
What is the tens digit of 754?
5
What is the hundreds digit of 8336?
3
What is the thousands digit of 11390?
1
What is the tens digit of 8926?
2
What is the units digit of 56?
6
What is the units digit of 428?
8
What is the hundreds digit of 147839?
8
What is the units digit of 1491?
1
What is the tens digit of 37028?
2
What is the units digit of 453?
3
What is the ten thousands digit of 65348?
6
What is the units digit of 16465?
5
What is the tens digit of 4412?
1
What is the hundreds digit of 975?
9
What is the hundreds digit of 1023?
0
What is the hundreds digit of 42683?
6
What is the tens digit of 59242?
4
What is the thousands digit of 4156?
4
What is the tens digit of 9048?
4
What is the units digit of 1164?
4
What is the units digit of 2767?
7
What is the units digit of 98715?
5
What is the tens digit of 8299?
9
What is the ten thousands digit of 12527?
1
What is the units digit of 57?
7
What is the ten thousands digit of 28438?
2
What is the tens digit of 471?
7
What is the units digit of 66798?
8
What is the units digit of 1549?
9
What is the hundreds digit of 8507?
5
What is the tens digit of 25750?
5
What is the tens digit of 2886?
8
What is the tens digit of 101?
0
What is the units digit of 1309?
9
What is the units digit of 24078?
8
What is the thousands digit of 59473?
9
What is the hundreds digit of 433?
4
What is the thousands digit of 1330?
1
What is the hundreds digit of 5660?
6
What is the tens digit of 24541?
4
What is t